 a prime number?
True
Is 3852775477 a composite number?
True
Is 12287237983 prime?
True
Is 2334364729 a prime number?
True
Is 1362932707 prime?
True
Is 206142593 composite?
False
Is 29314182253 prime?
False
Is 1571733587 a composite number?
False
Is 90816467 a prime number?
False
Is 1575674354 a composite number?
True
Is 32675120707 composite?
False
Is 1247319149 a composite number?
True
Is 36371864703 a composite number?
True
Is 12785687 composite?
True
Is 36511337827 a composite number?
True
Is 24899057881 a composite number?
False
Is 1863091471 composite?
True
Is 286077903 prime?
False
Is 21490568167 a prime number?
False
Is 10972908467 prime?
True
Is 429373429 prime?
False
Is 15593717053 a prime number?
True
Is 990901591 a prime number?
False
Is 124876439 composite?
True
Is 814412981 prime?
True
Is 22837816997 prime?
False
Is 100079998763 composite?
False
Is 3451027339 prime?
False
Is 9316259 prime?
True
Is 351748690279 composite?
True
Is 216689897 a composite number?
True
Is 860466219 prime?
False
Is 405040687751 a composite number?
True
Is 434501917 a prime number?
True
Is 12292541741 composite?
True
Is 35086241177 composite?
True
Is 1611018103 prime?
False
Is 85273582 prime?
False
Is 5858700709 a composite number?
True
Is 1874881661 prime?
False
Is 2822024831 a prime number?
True
Is 23948006299 a prime number?
False
Is 4698865183 a prime number?
True
Is 26704130311 a composite number?
False
Is 2246416283 a prime number?
True
Is 31239585361 a prime number?
True
Is 21112285577 a prime number?
False
Is 13675658071 a prime number?
True
Is 14196368393 prime?
False
Is 532688138 a composite number?
True
Is 293744923 a prime number?
True
Is 30643234331 a composite number?
True
Is 50226203527 composite?
True
Is 1289828861 a composite number?
False
Is 5474321753 prime?
True
Is 726239659 a composite number?
False
Is 926718173 a composite number?
True
Is 3218202569 a composite number?
False
Is 9085982209 a prime number?
False
Is 216343333 a composite number?
False
Is 5015691869 prime?
True
Is 1064352551 prime?
False
Is 462608221 a prime number?
False
Is 46454943443 a prime number?
True
Is 830721233 composite?
False
Is 100353347 prime?
False
Is 1503958229 a prime number?
True
Is 10695708137 prime?
False
Is 226932709 composite?
True
Is 13158120191 composite?
True
Is 2198074601 prime?
True
Is 61597418471 a prime number?
False
Is 244626791 a composite number?
True
Is 7406154251 prime?
True
Is 108465013 a prime number?
True
Is 2623099 prime?
True
Is 27362431163 a prime number?
True
Is 18654221081 a prime number?
True
Is 479966105 prime?
False
Is 25849286186 composite?
True
Is 1164279778 prime?
False
Is 235465500701 a prime number?
False
Is 5742490757 prime?
True
Is 2018206331 a prime number?
False
Is 42591947 composite?
True
Is 249901575757 a prime number?
False
Is 880362113 prime?
False
Is 1846400194 a composite number?
True
Is 97402459681 a prime number?
False
Is 388300507 prime?
False
Is 5077549111 a composite number?
False
Is 3076818847 prime?
True
Is 2736513257 prime?
False
Is 33997998779 a composite number?
False
Is 6470491171 a composite number?
False
Is 56944742707 composite?
False
Is 21290631199 a prime number?
True
Is 2991336977 composite?
False
Is 7155614033 composite?
False
Is 1213972577 a composite number?
False
Is 5547601093 prime?
True
Is 40045304353 composite?
False
Is 5668467787 a composite number?
True
Is 784674809 a prime number?
False
Is 1540472041 a composite number?
True
Is 16400234089 prime?
False
Is 4836297493 a composite number?
False
Is 1623523513 composite?
False
Is 378733681 prime?
False
Is 1314859837 composite?
True
Is 16193722829 a composite number?
True
Is 18458543029 prime?
False
Is 443153839 prime?
True
Is 390788383 prime?
True
Is 6192708161 a prime number?
True
Is 1088458777 prime?
False
Is 24881669 a prime number?
True
Is 765945007 a prime number?
True
Is 297901987 a prime number?
True
Is 264137051 prime?
True
Is 53744482843 composite?
False
Is 823381613 a prime number?
True
Is 7803804907 a composite number?
True
Is 2596419937 a composite number?
True
Is 82726500157 a composite number?
True
Is 829647089 composite?
True
Is 1508779771 a composite number?
False
Is 11780646121 prime?
False
Is 27319594411 prime?
False
Is 8412598283 a composite number?
True
Is 294030473 composite?
True
Is 34492162501 prime?
True
Is 13530140593 a composite number?
True
Is 16288878503 a prime number?
False
Is 1489000258 a composite number?
True
Is 181210862231 prime?
False
Is 10820046317 composite?
True
Is 81272489197 a composite number?
True
Is 2547259691 a prime number?
True
Is 3678526121 composite?
False
Is 206595062701 prime?
True
Is 1478817973 prime?
True
Is 2491253537 a prime number?
True
Is 1587765293 a composite number?
True
Is 15614077709 composite?
False
Is 2083906411 composite?
False
Is 759605837 a composite number?
True
Is 3713760683 a composite number?
False
Is 85372081801 a composite number?
False
Is 31225633 composite?
False
Is 49265438377 a composite number?
True
Is 11622782747 composite?
False
Is 3587580911 a composite number?
False
Is 196099367 a prime number?
True
Is 20811460939 composite?
True
Is 12295581833 prime?
True
Is 511404451 composite?
True
Is 13748300159 a prime number?
False
Is 6801368761 composite?
True
Is 41226423587 a composite number?
False
Is 5394909451 a composite number?
False
Is 17832555547 composite?
False
Is 11204508533 composite?
False
Is 1968802727 prime?
False
Is 5674479379 a prime number?
True
Is 333033251 a prime number?
True
Is 309145121 a composite number?
False
Is 6550911217 a prime number?
True
Is 1594620047 a composite number?
False
Is 35616375901 a composite number?
True
Is 38637488987 a prime number?
True
Is 564797663 composite?
False
Is 8078761399 a prime number?
True
Is 22005227 a composite number?
True
Is 9378088147 prime?
True
Is 183557305 a composite number?
True
Is 19395788309 a prime number?
False
Is 661078601 a prime number?
False
Is 4767671177 a prime number?
True
Is 3361699891 composite?
True
Is 4418780057 composite?
False
Is 90948131061 a prime number?
False
Is 7843530509 composite?
True
Is 459710677 a composite number?
False
Is 62354506867 prime?
False
Is 24333788771 prime?
False
Is 35466290971 a composite number?
False
Is 13619605193 a prime number?
False
Is 1034807377 composite?
True
Is 12559531 a prime number?
True
Is 982536557 prime?
True
Is 310859585585 a prime number?
False
Is 824401549 composite?
False
Is 12548611747 a composite number?
True
Is 16485789949 prime?
False
Is 159626641 prime?
False
Is 646366393 composite?
False
Is 1302902962 prime?
False
Is 283612933 composite?
False
Is 84806412121 a prime number?
True
Is 698363299 prime?
True
Is 1340833381 composite?
False
Is 181844946779 a prime number?
False
Is 12728080165 prime?
False
Is 13758771101 composite?
False
Is 28026404962 composite?
True
Is 494581163 prime?
True
Is 37619023367 prime?
False
Is 1860786121 prime?
True
Is 511880527 prime?
True
Is 18490217 composite?
True
Is 726859163 composite?
True
Is 4058715679 a prime number?
True
Is 4237316978 a prime number?
False
Is 3938917001 a composite number?
True
Is 175639489 prime?
False
Is 480391357 a composite number?
True
Is 39803611579 a prime number?
True
Is 738040481 prime?
True
Is 867360173 composite?
False
Is 8433997163 prime?
True
Is 1284437859 a prime number?
False
Is 10759987 a composite number?
True
Is 407181211 prime?
True
Is 2285264123 a composite number?
True
Is 2914016381 composite?
False
Is 33097786607 composite?
False
Is 2078138983 a prime number?
True
Is 1614122093 a prime number?
True
Is 5022595051 a prime number?
True
Is 274282339 a composite number?
False
Is 1638759467 a composite number?
True
Is 9186910991 prime?
False
Is 6644283137 prime?
False
Is 3575107401 a composite number?
True
Is 142048727 prime?
False
Is 2409389933 a prime number?
False
Is 18205000679 a prime number?
False
Is 67560275147 prime?
True
Is 5609880667 a composite number?
False
Is 489381709 a composite number?
True
Is 763460507 a composite number?
True
Is 207592871 a composite number?
True
Is 1883212157 composite?
False
Is 22053933437 composite?
False
Is 1235063395 a prime number?
False
Is 53456578193 prime?
False
Is 12326294627 a prime number?
True
Is 527600839 a prime number?